culate the remainder when 33464 is divided by 9391.
5291
Calculate the remainder when 1127353 is divided by 15443.
14
Calculate the remainder when 5396769 is divided by 48184.
161
Calculate the remainder when 1644434 is divided by 1454.
1414
Calculate the remainder when 58070414 is divided by 371.
10
What is the remainder when 545352 is divided by 525?
402
What is the remainder when 1191250 is divided by 148903?
26
What is the remainder when 13905428 is divided by 23?
19
Calculate the remainder when 13279138 is divided by 15.
13
What is the remainder when 904318 is divided by 84?
58
What is the remainder when 984062 is divided by 327900?
362
What is the remainder when 21921 is divided by 3206?
2685
Calculate the remainder when 1987282 is divided by 212.
206
What is the remainder when 2614922 is divided by 41?
24
What is the remainder when 4336061 is divided by 2598?
2597
What is the remainder when 120890893 is divided by 76320?
13
What is the remainder when 1272428 is divided by 115?
68
What is the remainder when 1866408 is divided by 357?
12
Calculate the remainder when 28123286 is divided by 156.
74
Calculate the remainder when 41837426 is divided by 1313.
1307
Calculate the remainder when 4271968 is divided by 131.
58
What is the remainder when 747294 is divided by 213?
90
Calculate the remainder when 200080 is divided by 968.
672
What is the remainder when 606499 is divided by 152?
19
What is the remainder when 495759 is divided by 159?
156
What is the remainder when 22855142 is divided by 8311?
8203
What is the remainder when 2830009 is divided by 89?
76
Calculate the remainder when 1227408 is divided by 9.
6
Calculate the remainder when 5327 is divided by 733.
196
What is the remainder when 2600904 is divided by 423?
300
Calculate the remainder when 3117924 is divided by 3703.
3701
Calculate the remainder when 161339 is divided by 16117.
169
Calculate the remainder when 3015502 is divided by 72.
70
What is the remainder when 1629008 is divided by 271497?
26
What is the remainder when 125192 is divided by 114?
20
Calculate the remainder when 42924789 is divided by 91.
89
What is the remainder when 143546 is divided by 17170?
6186
Calculate the remainder when 11629 is divided by 1424.
237
Calculate the remainder when 15190 is divided by 538.
126
What is the remainder when 26494 is divided by 326?
88
Calculate the remainder when 28440 is divided by 27518.
922
Calculate the remainder when 27075 is divided by 1353.
15
What is the remainder when 512595 is divided by 37?
34
Calculate the remainder when 18572 is divided by 8995.
582
What is the remainder when 234366 is divided by 3840?
126
What is the remainder when 3524325 is divided by 769?
767
What is the remainder when 13376181 is divided by 581573?
2
Calculate the remainder when 244993 is divided by 280.
273
What is the remainder when 8112042 is divided by 129?
6
Calculate the remainder when 356857 is divided by 1874.
797
What is the remainder when 3112627 is divided by 1329?
109
What is the remainder when 58228 is divided by 57430?
798
Calculate the remainder when 249033 is divided by 196.
113
Calculate the remainder when 23864 is divided by 3395.
99
Calculate the remainder when 390954 is divided by 2125.
2079
Calculate the remainder when 12124138 is divided by 143.
26
What is the remainder when 1838423 is divided by 218?
29
What is the remainder when 98268891 is divided by 3207?
3204
What is the remainder when 317036 is divided by 2734?
2626
What is the remainder when 87439 is divided by 43712?
15
What is the remainder when 134246279 is divided by 4046?
4045
Calculate the remainder when 190274 is divided by 94273.
1728
What is the remainder when 3133746 is divided by 166?
164
What is the remainder when 1884156 is divided by 60779?
7
Calculate the remainder when 21033533 is divided by 7011173.
14
What is the remainder when 2106972 is divided by 1670?
1102
Calculate the remainder when 10919468 is divided by 33.
32
Calculate the remainder when 911668 is divided by 13.
4
What is the remainder when 77202389 is divided by 1709?
23
Calculate the remainder when 7934604 is divided by 515.
514
What is the remainder when 21154676 is divided by 20?
16
What is the remainder when 788953 is divided by 48?
25
Calculate the remainder when 73184638 is divided by 155.
148
What is the remainder when 1634563 is divided by 233378?
917
Calculate the remainder when 20495981 is divided by 455466.
11
What is the remainder when 112282 is divided by 111583?
699
Calculate the remainder when 232182 is divided by 3186.
2790
What is the remainder when 857251 is divided by 4789?
20
What is the remainder when 4703214 is divided by 1567737?
3
What is the remainder when 438847 is divided by 1060?
7
Calculate the remainder when 8007048 is divided by 31.
27
Calculate the remainder when 159862570 is divided by 324.
322
Calculate the remainder when 460054 is divided by 9491.
4486
What is the remainder when 76495 is divided by 9228?
2671
What is the remainder when 2881072 is divided by 120044?
16
Calculate the remainder when 40271 is divided by 6702.
59
What is the remainder when 812736 is divided by 73884?
12
Calculate the remainder when 2095877 is divided by 20152.
69
What is the remainder when 211970 is divided by 201?
116
What is the remainder when 3910962 is divided by 5447?
16
Calculate the remainder when 53647 is divided by 379.
208
Calculate the remainder when 3417878 is divided by 84.
2
Calculate the remainder when 287026 is divided by 14350.
26
Calculate the remainder when 104419031 is divided by 158.
149
Calculate the remainder when 103338 is divided by 20661.
33
What is the remainder when 106314 is divided by 507?
351
What is the remainder when 142306 is divided by 115?
51
What is the remainder when 11713504 is divided by 41100?
4
Calculate the remainder when 849367 is divided by 283121.
4
Calculate the remainder when 6492262 is divided by 540979.
514
What is the remainder when 62685298 is divided by 669?
667
What is the remainder when 16970 is divided by 7758?
1454
Calculate the remainder when 184358 is divided by 10222.
362
Calculate the remainder when 207369309 is divided by 2528.
2525
Calculate the remainder when 285297 is divided by 600.
297
Calculate the remainder when 872222 is divided by 708.
674
Calculate the remainder when 24996 is divided by 24874.
122
Calculate the remainder when 467457 is divided by 235.
42
What is the remainder when 3744612 is divided by 78?
66
What is the remainder when 109999022 is divided by 5?
2
What is the remainder when 37539 is divided by 1929?
888
What is the remainder when 7435846 is divided by 635?
631
What is the remainder when 640789 is divided by 35596?
61
What is the remainder when 125981 is divided by 4062?
59
Calculate the remainder when 13304 is divided by 8564.
4740
Calculate the remainder when 1572010 is divided by 4064.
3306
Calculate the remainder when 22763359 is divided by 1327.
1
Calculate the remainder when 78099 is divided by 635.
629
What is the remainder when 809406 is divided by 47601?
189
What is the remainder when 158957497 is divided by 5631?
5629
What is the remainder when 9917054 is divided by 24?
14
What is the remainder when 493076 is divided by 5869?
80
What is the remainder when 2780724 is divided by 3968?
3124
What is the remainder when 17177622 is divided by 61790?
2
What is the remainder when 44165989 is divided by 1020?
1009
What is the remainder when 1311007 is divided by 543?
205
What is the remainder when 375092 is divided by 372881?
2211
Calculate the remainder when 114349947 is divided by 234.
231
Calculate the remainder when 450982 is divided by 1550.
1482
What is the remainder when 212453948 is divided by 106226972?
4
Calculate the remainder when 11119626 is divided by 1782.
1728
What is the remainder when 39777622 is divided by 14?
10
Calculate the remainder when 140203 is divided by 381.
376
What is the remainder when 971576926 is divided by 28?
26
What is the remainder when 607268 is divided by 200?
68
Calculate the remainder when 826492 is divided by 2755.
2747
Calculate the remainder when 4711146 is divided by 375.
21
Calculate the remainder when 82169316 is divided by 17.
3
Calculate the remainder when 1756820 is divided by 84.